{"id":3022,"date":"2015-08-02T17:57:17","date_gmt":"2015-08-02T15:57:17","guid":{"rendered":"http:\/\/www.sgo-online.de\/astro\/?page_id=3022"},"modified":"2016-12-23T12:28:21","modified_gmt":"2016-12-23T11:28:21","slug":"astrogallery-deepsky","status":"publish","type":"page","link":"https:\/\/www.sgo-online.de\/astro\/astrogallery-deepsky\/","title":{"rendered":"AstroGallery: Deep Sky"},"content":{"rendered":"<p>Mit dem &#8222;tiefen Himmel&#8220; (Deep Sky w\u00f6rtlich genommen) sind alle jene Objekte gemeint, die au\u00dferhalb unseres Sonnensystems liegen und keine Sterne sind. Das k\u00f6nnen Nebel, offene Sternhaufen und Kugelsternhaufen in unserer Milchstra\u00dfe sein, aber auch andere Galaxien weit au\u00dferhalb unserer eigenen Welteninsel&#8230;<\/p>\n<h3 style=\"text-align: center;\">Kugelsternhaufen<\/h3>\n<p>Kugelsternhaufen sind runde Gebilde aus durch die Gravitation gebundenen Sternen. Sie geh\u00f6ren mit zu den \u00e4ltesten Objekten in unsere Galaxie und sind haupts\u00e4chlich im Halo der Milchstra\u00dfe (und anderer Galaxien) zu finden. Ihre Sterne wei\u00dfen meist als typische Population-II-Sterne wenige schwere Elemente auf. Visuell geh\u00f6ren sie mit zu den sch\u00f6nsten Objekten am Nachthimmel.<\/p>\n<h3 style=\"text-align: center;\">Offene Sternhaufen<\/h3>\n<p>Aus Gaswolken geborene Sterne finden sich meist in losen Gebilden wieder, den offenen Sternhaufen. Bei manchen sind noch Restgase vorhanden (wie bei den Plejaden), mache sind noch ganz eingebettet in ihre urspr\u00fcngliche Gaswolke (Rosettennebel) und mnache haben ihre Gaswolke l\u00e4ngst hinter sich gelassen. Im Gegensatz zu den Kugelsternhaufen sind die Offenen Haufen nicht wirklich durch die Schwerkraft verbunden und l\u00f6sen sich nach und nach in den Sternenstr\u00f6men der Galaxie auf&#8230;<\/p>\n<p>&nbsp;<\/p>\n<h3 style=\"text-align: center;\">Nebel<\/h3>\n<p>Die galaktischen Gasnebel sind die Geburtssubstanz junger Sterne. Meist bestehen sie zu gr\u00f6\u00dften Teilen aus Wasserstoff. Beobachten k\u00f6nnen wir grunds\u00e4tzlich 3 Formen von Nebel: Den Reflektionsnebel (Plejaden): Hier reflektieren die Nebelgebiete das Licht naher Sterne, diese Nebel sind meist bl\u00e4ulich. Dann gibt es die Emissionsnebel, deren rotes Leuchten durch harte Strahlung erzeugt wird, die das Wasserstoffgas anregt, selbst Licht auszusenden (vergleichbar mit einer Neonr\u00f6hre) und Dunkelnebel, die oft nicht nur aus Gas, sondern auch aus Molek\u00fclen und Staub bestehen k\u00f6nnen&#8230;.<\/p>\nngg_shortcode_0_placeholder\n<h3 style=\"text-align: center;\">Planetarische Nebel und Supernova-\u00dcberreste<\/h3>\n<p>Das Ende eines Sternenlebens verk\u00fcnden diese Art of DeepSky -Objekten. Meist sind es kleine runde Gebilde, daher auch ihr Name: Planetarischer Nebel, man k\u00f6nnte sie bei schwacher Vergr\u00f6\u00dferung mit Planeten verwechseln. Dann gibt es aber auch die gro\u00dfen Objekte wie der Schleiernebel im Schwan oder Barnards Loop im Orion&#8230;.<\/p>\n<h3 style=\"text-align: center;\">Galaxien und Galaxienhaufen<\/h3>\n<p>Einst dachte man, die kleinen Ovalen oder runden Scheibchen seien junge Planetensysteme in ihrer Entstehung, doch die Wahrheit ist viel faszinierender: Es sind ganze Milchstra\u00dfen, nur so unfassbar weit entfernt, dass man sich die Entfernungen kaum vorstellen kann. Schon das Licht unserer Nachbargalaxie, der Andromeda-Galaxie, braucht mehr als 2,5 Millionen Jahre um in unserer Auge zu gelangen!<\/p>\n<h3 style=\"text-align: center;\">Objekte nach Katalognummer<\/h3>\n<p style=\"text-align: center;\">Objekte aus dem Messier-Katalog<\/p>\n<p style=\"text-align: center;\">Objekte aus dem NGC \/ IC Katolog<\/p>\n<p style=\"text-align: center;\">andere Kataloge<\/p>\n<p>&nbsp;<\/p>\n<p>&nbsp;<\/p>\n<p>&nbsp;<\/p>\n<h2 style=\"text-align: center;\">2016<\/h2>\n<table class=\" aligncenter\" style=\"width: 890px; background-color: #333333;\" cellspacing=\"0\" cellpadding=\"0\">\n<tbody>\n<tr>\n<td style=\"width: 158px; text-align: center;\" colspan=\"3\">\n<h3><span style=\"color: #ffffff;\">Alnitaks Nebel<\/span><\/h3>\n<\/td>\n<\/tr>\n<tr>\n<td style=\"width: 158px; vertical-align: top;\" colspan=\"2\">\n<table style=\"width: 308.5px;\" cellspacing=\"0\" cellpadding=\"0\">\n<tbody>\n<tr style=\"height: 168px;\">\n<td style=\"vertical-align: top; height: 168px; width: 87px;\"><span style=\"color: #ffffff;\">Objekte:&nbsp;<\/span><\/td>\n<td style=\"vertical-align: top; height: 168px; width: 124.5px;\"><span style=\"color: #ffffff;\">NGC 2024 (Flammennebel)<\/span><br \/>\n<span style=\"color: #ffffff;\"> IC 434 \/ Barnard 33 (Pferdekopfnebel<\/span><br \/>\n<span style=\"color: #ffffff;\"> NGC 2023,<\/span><br \/>\n<span style=\"color: #ffffff;\"> IC 432\/435<\/span><br \/>\n<span style=\"color: #ffffff;\"> Alnitak (Zeta orionis)<\/span><\/td>\n<\/tr>\n<tr style=\"height: 96px;\">\n<td style=\"vertical-align: top; height: 96px; width: 87px;\"><span style=\"color: #ffffff;\">Objekttyp:<\/span><\/td>\n<td style=\"vertical-align: top; height: 96px; width: 124.5px;\"><span style=\"color: #ffffff;\">Emissionsnebel<\/span><br \/>\n<span style=\"color: #ffffff;\"> HII-Region<\/span><br \/>\n<span style=\"color: #ffffff;\"> Reflektionsnebel<\/span><br \/>\n<span style=\"color: #ffffff;\"> Dunkelnebel<\/span><\/td>\n<\/tr>\n<tr style=\"height: 24px;\">\n<td style=\"vertical-align: top; height: 24px; width: 87px;\"><span style=\"color: #ffffff;\">Sternbild:&nbsp;<\/span><\/td>\n<td style=\"vertical-align: top; height: 24px; width: 124.5px;\"><span style=\"color: #ffffff;\">Orion (Ori)<\/span><\/td>\n<\/tr>\n<tr style=\"height: 24px;\">\n<td style=\"vertical-align: top; height: 24px; width: 87px;\"><span style=\"color: #ffffff;\">Entfernung:<\/span><\/td>\n<td style=\"vertical-align: top; height: 24px; width: 124.5px;\"><span style=\"color: #ffffff;\">1.500 Lichtjahre<\/span><\/td>\n<\/tr>\n<tr style=\"height: 24px;\">\n<td style=\"vertical-align: top; height: 24px; width: 87px;\" colspan=\"2\"><a href=\"http:\/\/www.sgo-online.de\/astro\/nebelfrei-im-hochgebirge-spontanspechteln-am-furkajoch\/\"><span style=\"color: #ffffff;\">Beobachtungsbericht 04.12.2016<\/span><\/a><\/td>\n<\/tr>\n<\/tbody>\n<\/table>\n<p>&nbsp;<\/td>\n<td>\n<p style=\"text-align: center;\">ngg_shortcode_1_placeholder<br \/>\nngg_shortcode_2_placeholder<\/p>\n<\/td>\n<\/tr>\n<\/tbody>\n<\/table>\n<table class=\" aligncenter\" style=\"width: 890px; background-color: #333333;\" cellspacing=\"0\" cellpadding=\"0\">\n<tbody>\n<tr>\n<td style=\"width: 158px; text-align: center;\" colspan=\"3\">\n<h3><span style=\"color: #ffffff;\">Nebel im Sch\u00fctzen: Lagunen- und Trifidnebel<\/span><\/h3>\n<\/td>\n<\/tr>\n<tr>\n<td style=\"width: 158px; vertical-align: top;\" colspan=\"2\">\n<table style=\"width: 158px;\" cellspacing=\"0\" cellpadding=\"0\">\n<tbody>\n<tr style=\"height: 53px;\">\n<td style=\"vertical-align: top; height: 53px; width: 87px;\"><span style=\"color: #ffffff;\">Objekte:&nbsp;<\/span><\/td>\n<td style=\"height: 53px; vertical-align: top;\"><span style=\"color: #ffffff;\">M 8 Lagunennebel<br \/>\nM20 Trifidnebel<\/span><\/td>\n<\/tr>\n<tr style=\"height: 57px;\">\n<td style=\"vertical-align: top; height: 57px; width: 87px;\"><span style=\"color: #ffffff;\">Objekttyp:<\/span><\/td>\n<td style=\"vertical-align: top; height: 57px; width: 124.5px;\"><span style=\"color: #ffffff;\">Emissionsnebel<\/span><br \/>\n<span style=\"color: #ffffff;\"> HII-Region<br \/>\nRefelktionsnebel<\/span><\/td>\n<\/tr>\n<tr style=\"height: 24px;\">\n<td style=\"vertical-align: top; height: 24px; width: 87px;\"><span style=\"color: #ffffff;\">Sternbild:&nbsp;<\/span><\/td>\n<td style=\"vertical-align: top; height: 24px; width: 124.5px;\"><span style=\"color: #ffffff;\">Sch\u00fctze (Sag)<\/span><\/td>\n<\/tr>\n<tr style=\"height: 24px;\">\n<td style=\"vertical-align: top; height: 24px; width: 87px;\"><span style=\"color: #ffffff;\">Entfernung:<\/span><\/td>\n<td style=\"height: 24px; width: 124.5px; vertical-align: top;\"><span style=\"color: #ffffff;\">5.200 Lichtjahre<\/span><\/p>\n<p>&nbsp;<\/td>\n<\/tr>\n<\/tbody>\n<\/table>\n<p>&nbsp;<\/td>\n<td>\n<p style=\"text-align: center;\">ngg_shortcode_3_placeholder<br \/>\nngg_shortcode_4_placeholder<\/p>\n<\/td>\n<\/tr>\n<\/tbody>\n<\/table>\n<table class=\" aligncenter\" style=\"width: 890px; background-color: #333333;\" cellspacing=\"0\" cellpadding=\"0\">\n<tbody>\n<tr>\n<td style=\"width: 697px; text-align: center;\" colspan=\"3\">\n<h3><span style=\"color: #ffffff;\">Andromedanebel<\/span><\/h3>\n<\/td>\n<\/tr>\n<tr>\n<td style=\"width: 158px; vertical-align: top;\" colspan=\"2\">\n<table style=\"width: 158px;\" cellspacing=\"0\" cellpadding=\"0\">\n<tbody>\n<tr style=\"height: 86px;\">\n<td style=\"vertical-align: top; height: 86px; width: 87px;\"><span style=\"color: #ffffff;\">Objekte:&nbsp;<\/span><\/td>\n<td style=\"vertical-align: top; height: 86px; width: 124.5px;\"><span style=\"color: #ffffff;\"><span style=\"color: #ffffff;\">M31<br \/>\nM32<br \/>\nM110<br \/>\nNGC 206<\/span><\/span>&nbsp;<\/td>\n<\/tr>\n<tr style=\"height: 11px;\">\n<td style=\"vertical-align: top; height: 11px; width: 87px;\"><span style=\"color: #ffffff;\">Objekttyp:<\/span><\/td>\n<td style=\"vertical-align: top; height: 11px; width: 124.5px;\"><span style=\"color: #ffffff;\">Galaxie<\/span><\/td>\n<\/tr>\n<tr style=\"height: 24px;\">\n<td style=\"vertical-align: top; height: 24px; width: 87px;\"><span style=\"color: #ffffff;\">Sternbild:&nbsp;<\/span><\/td>\n<td style=\"vertical-align: top; height: 24px; width: 124.5px;\"><span style=\"color: #ffffff;\">Andromeda (And)<\/span><\/td>\n<\/tr>\n<tr style=\"height: 24px;\">\n<td style=\"vertical-align: top; height: 24px; width: 87px;\"><span style=\"color: #ffffff;\">Entfernung:<\/span><\/td>\n<td style=\"vertical-align: top; height: 24px; width: 124.5px;\"><span style=\"color: #ffffff;\">2,5 Mio.&nbsp;Lichtjahre<\/span><\/td>\n<\/tr>\n<tr style=\"height: 24px;\">\n<td style=\"vertical-align: top; height: 24px; width: 87px;\" colspan=\"2\"><a href=\"http:\/\/www.sgo-online.de\/astro\/14-august-2016-eine-nacht-auf-dem-peissenberg\/\"><span style=\"color: #ffffff;\">Beobachtungsbericht 14.08.2016<\/span><\/a><\/td>\n<\/tr>\n<\/tbody>\n<\/table>\n<\/td>\n<td>\n<p style=\"text-align: center;\">ngg_shortcode_5_placeholder<\/p>\n<\/td>\n<\/tr>\n<\/tbody>\n<\/table>\n<table class=\" aligncenter\" style=\"width: 890px; background-color: #333333;\" cellspacing=\"0\" cellpadding=\"0\">\n<tbody>\n<tr>\n<td style=\"width: 697px; text-align: center;\" colspan=\"3\">\n<h3><span style=\"color: #ffffff;\">Pleijaden<\/span><\/h3>\n<\/td>\n<\/tr>\n<tr>\n<td style=\"width: 158px; vertical-align: top;\" colspan=\"2\">\n<table style=\"width: 308.5px;\" cellspacing=\"0\" cellpadding=\"0\">\n<tbody>\n<tr style=\"height: 24px;\">\n<td style=\"vertical-align: top; height: 24px; width: 87px;\"><span style=\"color: #ffffff;\">Objekte:&nbsp;<\/span><\/td>\n<td style=\"vertical-align: top; height: 24px; width: 124.5px;\"><span style=\"color: #ffffff;\"><span style=\"color: #ffffff;\">M45<br \/>\n<\/span><\/span><\/td>\n<\/tr>\n<tr style=\"height: 11px;\">\n<td style=\"vertical-align: top; height: 11px; width: 87px;\"><span style=\"color: #ffffff;\">Objekttyp:<\/span><\/td>\n<td style=\"vertical-align: top; height: 11px; width: 124.5px;\"><span style=\"color: #ffffff;\">Offener Sternhaufen<br \/>\nReflexionsnebl<\/span><\/td>\n<\/tr>\n<tr style=\"height: 24px;\">\n<td style=\"vertical-align: top; height: 24px; width: 87px;\"><span style=\"color: #ffffff;\">Sternbild:&nbsp;<\/span><\/td>\n<td style=\"vertical-align: top; height: 24px; width: 124.5px;\"><span style=\"color: #ffffff;\">Stier (Tau)<\/span><\/td>\n<\/tr>\n<tr style=\"height: 24px;\">\n<td style=\"vertical-align: top; height: 24px; width: 87px;\"><span style=\"color: #ffffff;\">Entfernung:<\/span><\/td>\n<td style=\"vertical-align: top; height: 24px; width: 124.5px;\"><span style=\"color: #ffffff;\">444&nbsp;Lichtjahre<\/span><\/td>\n<\/tr>\n<tr style=\"height: 24px;\">\n<td style=\"vertical-align: top; height: 24px; width: 87px;\" colspan=\"2\"><a href=\"http:\/\/www.sgo-online.de\/astro\/14-august-2016-eine-nacht-auf-dem-peissenberg\/\"><span style=\"color: #ffffff;\">Beobachtungsbericht 14.08.2016<\/span><\/a><\/td>\n<\/tr>\n<\/tbody>\n<\/table>\n<\/td>\n<td>\n<p style=\"text-align: center;\">ngg_shortcode_6_placeholder<\/p>\n<\/td>\n<\/tr>\n<\/tbody>\n<\/table>\n","protected":false},"excerpt":{"rendered":"<p>Mit dem &#8222;tiefen Himmel&#8220; (Deep Sky w\u00f6rtlich genommen) sind alle jene Objekte gemeint, die au\u00dferhalb unseres Sonnensystems liegen und keine Sterne sind. Das k\u00f6nnen Nebel, offene Sternhaufen und Kugelsternhaufen in unserer Milchstra\u00dfe sein, aber auch andere Galaxien weit au\u00dferhalb unserer eigenen Welteninsel&#8230; Kugelsternhaufen Kugelsternhaufen sind runde Gebilde aus durch die\u2026<\/p>\n<p class=\"continue-reading-button\"> <a class=\"continue-reading-link\" href=\"https:\/\/www.sgo-online.de\/astro\/astrogallery-deepsky\/\">Weiter lesen&#8230;.<i class=\"crycon-right-dir\"><\/i><\/a><\/p>\n","protected":false},"author":1,"featured_media":0,"parent":0,"menu_order":0,"comment_status":"open","ping_status":"open","template":"templates\/template-onecolumn.php","meta":{"ngg_post_thumbnail":0,"footnotes":""},"class_list":["post-3022","page","type-page","status-publish","hentry"],"yoast_head":"<!-- This site is optimized with the Yoast SEO plugin v26.3 - https:\/\/yoast.com\/wordpress\/plugins\/seo\/ -->\n<title>AstroGallery: Deep Sky - Stefans Gartenobservatorium<\/title>\n<meta name=\"robots\" content=\"index, follow, max-snippet:-1, max-image-preview:large, max-video-preview:-1\" \/>\n<link rel=\"canonical\" href=\"https:\/\/www.sgo-online.de\/astro\/astrogallery-deepsky\/\" \/>\n<meta property=\"og:locale\" content=\"de_DE\" \/>\n<meta property=\"og:type\" content=\"article\" \/>\n<meta property=\"og:title\" content=\"AstroGallery: Deep Sky - Stefans Gartenobservatorium\" \/>\n<meta property=\"og:description\" content=\"Mit dem &#8222;tiefen Himmel&#8220; (Deep Sky w\u00f6rtlich genommen) sind alle jene Objekte gemeint, die au\u00dferhalb unseres Sonnensystems liegen und keine Sterne sind. Das k\u00f6nnen Nebel, offene Sternhaufen und Kugelsternhaufen in unserer Milchstra\u00dfe sein, aber auch andere Galaxien weit au\u00dferhalb unserer eigenen Welteninsel&#8230; Kugelsternhaufen Kugelsternhaufen sind runde Gebilde aus durch die\u2026 Weiter lesen....\" \/>\n<meta property=\"og:url\" content=\"https:\/\/www.sgo-online.de\/astro\/astrogallery-deepsky\/\" \/>\n<meta property=\"og:site_name\" content=\"Stefans Gartenobservatorium\" \/>\n<meta property=\"article:publisher\" content=\"https:\/\/www.facebook.com\/stefan.griessinger\" \/>\n<meta property=\"article:modified_time\" content=\"2016-12-23T11:28:21+00:00\" \/>\n<meta name=\"twitter:card\" content=\"summary_large_image\" \/>\n<meta name=\"twitter:label1\" content=\"Gesch\u00e4tzte Lesezeit\" \/>\n\t<meta name=\"twitter:data1\" content=\"3\u00a0Minuten\" \/>\n<script type=\"application\/ld+json\" class=\"yoast-schema-graph\">{\"@context\":\"https:\/\/schema.org\",\"@graph\":[{\"@type\":\"WebPage\",\"@id\":\"https:\/\/www.sgo-online.de\/astro\/astrogallery-deepsky\/\",\"url\":\"https:\/\/www.sgo-online.de\/astro\/astrogallery-deepsky\/\",\"name\":\"AstroGallery: Deep Sky - Stefans Gartenobservatorium\",\"isPartOf\":{\"@id\":\"https:\/\/www.sgo-online.de\/astro\/#website\"},\"datePublished\":\"2015-08-02T15:57:17+00:00\",\"dateModified\":\"2016-12-23T11:28:21+00:00\",\"breadcrumb\":{\"@id\":\"https:\/\/www.sgo-online.de\/astro\/astrogallery-deepsky\/#breadcrumb\"},\"inLanguage\":\"de\",\"potentialAction\":[{\"@type\":\"ReadAction\",\"target\":[\"https:\/\/www.sgo-online.de\/astro\/astrogallery-deepsky\/\"]}]},{\"@type\":\"BreadcrumbList\",\"@id\":\"https:\/\/www.sgo-online.de\/astro\/astrogallery-deepsky\/#breadcrumb\",\"itemListElement\":[{\"@type\":\"ListItem\",\"position\":1,\"name\":\"Home\",\"item\":\"https:\/\/www.sgo-online.de\/astro\/\"},{\"@type\":\"ListItem\",\"position\":2,\"name\":\"AstroGallery: Deep Sky\"}]},{\"@type\":\"WebSite\",\"@id\":\"https:\/\/www.sgo-online.de\/astro\/#website\",\"url\":\"https:\/\/www.sgo-online.de\/astro\/\",\"name\":\"Stefans Gartenobservatorium\",\"description\":\"30 Jahre on Tour to the Stars\",\"publisher\":{\"@id\":\"https:\/\/www.sgo-online.de\/astro\/#organization\"},\"potentialAction\":[{\"@type\":\"SearchAction\",\"target\":{\"@type\":\"EntryPoint\",\"urlTemplate\":\"https:\/\/www.sgo-online.de\/astro\/?s={search_term_string}\"},\"query-input\":{\"@type\":\"PropertyValueSpecification\",\"valueRequired\":true,\"valueName\":\"search_term_string\"}}],\"inLanguage\":\"de\"},{\"@type\":\"Organization\",\"@id\":\"https:\/\/www.sgo-online.de\/astro\/#organization\",\"name\":\"Stefans Gartenobservatorium\",\"url\":\"https:\/\/www.sgo-online.de\/astro\/\",\"logo\":{\"@type\":\"ImageObject\",\"inLanguage\":\"de\",\"@id\":\"https:\/\/www.sgo-online.de\/astro\/#\/schema\/logo\/image\/\",\"url\":\"https:\/\/www.sgo-online.de\/astro\/wp-content\/uploads\/2020\/11\/logo-astro-klama-bw.jpg\",\"contentUrl\":\"https:\/\/www.sgo-online.de\/astro\/wp-content\/uploads\/2020\/11\/logo-astro-klama-bw.jpg\",\"width\":1125,\"height\":1125,\"caption\":\"Stefans Gartenobservatorium\"},\"image\":{\"@id\":\"https:\/\/www.sgo-online.de\/astro\/#\/schema\/logo\/image\/\"},\"sameAs\":[\"https:\/\/www.facebook.com\/stefan.griessinger\",\"https:\/\/www.instagram.com\/sgo2000\/?hl=de\",\"https:\/\/www.youtube.com\/user\/natprax\"]}]}<\/script>\n<!-- \/ Yoast SEO plugin. -->","yoast_head_json":{"title":"AstroGallery: Deep Sky - Stefans Gartenobservatorium","robots":{"index":"index","follow":"follow","max-snippet":"max-snippet:-1","max-image-preview":"max-image-preview:large","max-video-preview":"max-video-preview:-1"},"canonical":"https:\/\/www.sgo-online.de\/astro\/astrogallery-deepsky\/","og_locale":"de_DE","og_type":"article","og_title":"AstroGallery: Deep Sky - Stefans Gartenobservatorium","og_description":"Mit dem &#8222;tiefen Himmel&#8220; (Deep Sky w\u00f6rtlich genommen) sind alle jene Objekte gemeint, die au\u00dferhalb unseres Sonnensystems liegen und keine Sterne sind. Das k\u00f6nnen Nebel, offene Sternhaufen und Kugelsternhaufen in unserer Milchstra\u00dfe sein, aber auch andere Galaxien weit au\u00dferhalb unserer eigenen Welteninsel&#8230; Kugelsternhaufen Kugelsternhaufen sind runde Gebilde aus durch die\u2026 Weiter lesen....","og_url":"https:\/\/www.sgo-online.de\/astro\/astrogallery-deepsky\/","og_site_name":"Stefans Gartenobservatorium","article_publisher":"https:\/\/www.facebook.com\/stefan.griessinger","article_modified_time":"2016-12-23T11:28:21+00:00","twitter_card":"summary_large_image","twitter_misc":{"Gesch\u00e4tzte Lesezeit":"3\u00a0Minuten"},"schema":{"@context":"https:\/\/schema.org","@graph":[{"@type":"WebPage","@id":"https:\/\/www.sgo-online.de\/astro\/astrogallery-deepsky\/","url":"https:\/\/www.sgo-online.de\/astro\/astrogallery-deepsky\/","name":"AstroGallery: Deep Sky - Stefans Gartenobservatorium","isPartOf":{"@id":"https:\/\/www.sgo-online.de\/astro\/#website"},"datePublished":"2015-08-02T15:57:17+00:00","dateModified":"2016-12-23T11:28:21+00:00","breadcrumb":{"@id":"https:\/\/www.sgo-online.de\/astro\/astrogallery-deepsky\/#breadcrumb"},"inLanguage":"de","potentialAction":[{"@type":"ReadAction","target":["https:\/\/www.sgo-online.de\/astro\/astrogallery-deepsky\/"]}]},{"@type":"BreadcrumbList","@id":"https:\/\/www.sgo-online.de\/astro\/astrogallery-deepsky\/#breadcrumb","itemListElement":[{"@type":"ListItem","position":1,"name":"Home","item":"https:\/\/www.sgo-online.de\/astro\/"},{"@type":"ListItem","position":2,"name":"AstroGallery: Deep Sky"}]},{"@type":"WebSite","@id":"https:\/\/www.sgo-online.de\/astro\/#website","url":"https:\/\/www.sgo-online.de\/astro\/","name":"Stefans Gartenobservatorium","description":"30 Jahre on Tour to the Stars","publisher":{"@id":"https:\/\/www.sgo-online.de\/astro\/#organization"},"potentialAction":[{"@type":"SearchAction","target":{"@type":"EntryPoint","urlTemplate":"https:\/\/www.sgo-online.de\/astro\/?s={search_term_string}"},"query-input":{"@type":"PropertyValueSpecification","valueRequired":true,"valueName":"search_term_string"}}],"inLanguage":"de"},{"@type":"Organization","@id":"https:\/\/www.sgo-online.de\/astro\/#organization","name":"Stefans Gartenobservatorium","url":"https:\/\/www.sgo-online.de\/astro\/","logo":{"@type":"ImageObject","inLanguage":"de","@id":"https:\/\/www.sgo-online.de\/astro\/#\/schema\/logo\/image\/","url":"https:\/\/www.sgo-online.de\/astro\/wp-content\/uploads\/2020\/11\/logo-astro-klama-bw.jpg","contentUrl":"https:\/\/www.sgo-online.de\/astro\/wp-content\/uploads\/2020\/11\/logo-astro-klama-bw.jpg","width":1125,"height":1125,"caption":"Stefans Gartenobservatorium"},"image":{"@id":"https:\/\/www.sgo-online.de\/astro\/#\/schema\/logo\/image\/"},"sameAs":["https:\/\/www.facebook.com\/stefan.griessinger","https:\/\/www.instagram.com\/sgo2000\/?hl=de","https:\/\/www.youtube.com\/user\/natprax"]}]}},"_links":{"self":[{"href":"https:\/\/www.sgo-online.de\/astro\/wp-json\/wp\/v2\/pages\/3022","targetHints":{"allow":["GET"]}}],"collection":[{"href":"https:\/\/www.sgo-online.de\/astro\/wp-json\/wp\/v2\/pages"}],"about":[{"href":"https:\/\/www.sgo-online.de\/astro\/wp-json\/wp\/v2\/types\/page"}],"author":[{"embeddable":true,"href":"https:\/\/www.sgo-online.de\/astro\/wp-json\/wp\/v2\/users\/1"}],"replies":[{"embeddable":true,"href":"https:\/\/www.sgo-online.de\/astro\/wp-json\/wp\/v2\/comments?post=3022"}],"version-history":[{"count":40,"href":"https:\/\/www.sgo-online.de\/astro\/wp-json\/wp\/v2\/pages\/3022\/revisions"}],"predecessor-version":[{"id":4650,"href":"https:\/\/www.sgo-online.de\/astro\/wp-json\/wp\/v2\/pages\/3022\/revisions\/4650"}],"wp:attachment":[{"href":"https:\/\/www.sgo-online.de\/astro\/wp-json\/wp\/v2\/media?parent=3022"}],"curies":[{"name":"wp","href":"https:\/\/api.w.org\/{rel}","templated":true}]}}