{"id":4292,"date":"2022-01-03T23:26:27","date_gmt":"2022-01-03T22:26:27","guid":{"rendered":"https:\/\/www.sgo-online.de\/astro\/?page_id=4292"},"modified":"2022-01-03T23:26:29","modified_gmt":"2022-01-03T22:26:29","slug":"sms-stefans-mobile-sternwarte","status":"publish","type":"page","link":"https:\/\/www.sgo-online.de\/astro\/sms-stefans-mobile-sternwarte\/","title":{"rendered":"SMS: Stefans Mobile Sternwarte"},"content":{"rendered":"\n<p class=\"has-drop-cap\">Der Sternwartengeraffelbeweger &#8211; vulgo auch Auto genannt, leidet langsam unter \u00dcberf\u00fcllung und bei den Astrotouren ins Gebirge ist nicht mal mehr Platz, die Beine auszustrecken und mal ein Nickerchen zu machen. Au\u00dferdem nervt das st\u00e4ndige Ein- und Ausladen gewaltig &#8211; spontan spechteln ist so nicht m\u00f6glich (und die Gefahr, dass irgend ein wichtiges Kleinteil daheim bleibt, steigt auch st\u00e4ndig!).<br>2018 war es dann endlich soweit: Der SMS &#8211; Stefans mobile Sternwarte wurde geboren&#8230;<\/p>\n\n\n\n<div class=\"wp-block-image\" align=\"center\"><figure class=\"aligncenter is-resized\"><img loading=\"lazy\" decoding=\"async\" src=\"https:\/\/www.sgo-online.de\/astro\/wp-content\/uploads\/2018\/12\/logo-sms-1024x1024.png\" alt=\"\" class=\"wp-image-4293\" width=\"400\" height=\"400\" srcset=\"https:\/\/www.sgo-online.de\/astro\/wp-content\/uploads\/2018\/12\/logo-sms-1024x1024.png 1024w, https:\/\/www.sgo-online.de\/astro\/wp-content\/uploads\/2018\/12\/logo-sms-150x150.png 150w, https:\/\/www.sgo-online.de\/astro\/wp-content\/uploads\/2018\/12\/logo-sms-300x300.png 300w, https:\/\/www.sgo-online.de\/astro\/wp-content\/uploads\/2018\/12\/logo-sms-768x768.png 768w, https:\/\/www.sgo-online.de\/astro\/wp-content\/uploads\/2018\/12\/logo-sms.png 1200w\" sizes=\"auto, (max-width: 400px) 100vw, 400px\" \/><\/figure><\/div>\n\n\n\n<h2 class=\"wp-block-heading\">Das Gef\u00e4hrt:<\/h2>\n\n\n\n<p>Vorgabe war ein leichter stabiler Anh\u00e4nger, als geschlossener Koffer. F\u00fcndig wurde ich nach vielen Anfragen bei der Firma MW Mayer: Ein geschlossener leichter Koffer in Sandwichbauweise,  gebremst (f\u00fcr die Passfahrten unerl\u00e4\u00dflich, Zulassung auf 100km\/h und 1000kg Gesamtgewicht (Zuladung ca. 640kg). Der Anh\u00e4nger wurde ab Werk mit einer zus\u00e4tzlichen T\u00fcre in Fahrtrichtung links gebaut (damit man auf engen Feldwegen rechts parken kann, ohne st\u00e4ndig im Acker zu landen :-). <\/p>\n\n\n\n<div class=\"wp-block-image\"><figure class=\"aligncenter is-resized\"><img decoding=\"async\" src=\"https:\/\/www.sgo-online.de\/astro\/wp-content\/uploads\/2018\/12\/SGO-sms1-5D4_2790-1024x468.jpg\" alt=\"\" class=\"wp-image-4294\" width=\"1024\" srcset=\"https:\/\/www.sgo-online.de\/astro\/wp-content\/uploads\/2018\/12\/SGO-sms1-5D4_2790-1024x468.jpg 1024w, https:\/\/www.sgo-online.de\/astro\/wp-content\/uploads\/2018\/12\/SGO-sms1-5D4_2790-300x137.jpg 300w, https:\/\/www.sgo-online.de\/astro\/wp-content\/uploads\/2018\/12\/SGO-sms1-5D4_2790-768x351.jpg 768w, https:\/\/www.sgo-online.de\/astro\/wp-content\/uploads\/2018\/12\/SGO-sms1-5D4_2790-150x69.jpg 150w, https:\/\/www.sgo-online.de\/astro\/wp-content\/uploads\/2018\/12\/SGO-sms1-5D4_2790.jpg 1200w\" sizes=\"(max-width: 1024px) 100vw, 1024px\" \/><\/figure><\/div>\n\n\n\n<p>Der erste Testausflug &#8211; noch ohne Einbauten &#8211; erfolgte im Oktober gleich in Luftige H\u00f6hen, zum Tiefenbachferner. In der sehr windigen Nacht auf 2850m war der kleine Anh\u00e4nger gleich auch als Windschutz sehr praktisch!<\/p>\n\n\n\n<div class=\"wp-block-image\"><figure class=\"aligncenter\"><img loading=\"lazy\" decoding=\"async\" width=\"1024\" height=\"683\" src=\"https:\/\/www.sgo-online.de\/astro\/wp-content\/uploads\/2018\/12\/test-anh\u00e4nger-5D4_2800-1024x683.jpg\" alt=\"\" class=\"wp-image-4297\" srcset=\"https:\/\/www.sgo-online.de\/astro\/wp-content\/uploads\/2018\/12\/test-anh\u00e4nger-5D4_2800-1024x683.jpg 1024w, https:\/\/www.sgo-online.de\/astro\/wp-content\/uploads\/2018\/12\/test-anh\u00e4nger-5D4_2800-300x200.jpg 300w, https:\/\/www.sgo-online.de\/astro\/wp-content\/uploads\/2018\/12\/test-anh\u00e4nger-5D4_2800-768x512.jpg 768w, https:\/\/www.sgo-online.de\/astro\/wp-content\/uploads\/2018\/12\/test-anh\u00e4nger-5D4_2800-150x100.jpg 150w, https:\/\/www.sgo-online.de\/astro\/wp-content\/uploads\/2018\/12\/test-anh\u00e4nger-5D4_2800.jpg 1200w\" sizes=\"auto, (max-width: 1024px) 100vw, 1024px\" \/><\/figure><\/div>\n\n\n\n<h2 class=\"wp-block-heading\">Der Ausbau<\/h2>\n\n\n\n<p>Zielvorgabe f\u00fcr den Ausbau war, dass all das Geraffel, was der Sterngucker so braucht ohne gro\u00dfe Zurr-Arbeiten seien festen Platz bekommt. <\/p>\n\n\n\n<p>Hierzu wurde zuerst eine Kiste konstruiert, die als Lager f\u00fcr die Stative, die Kleinteilkoffer und das 16&#8243; Dobson darstellt und gleichzeitig sp\u00e4ter als kleines Bett dienen kann (inkl. Matratze nat\u00fcrlich &#8211; de R\u00fccken wird es danken \ud83d\ude42 ). <br>Der Korpus wurde aus Birke-Multiplex konstruiert, eine T\u00fcre verschlie\u00dft das Stativlager nach hinten, eine Klappe bietet \u00fcber die Seitent\u00fcre Zugriff auf die Kleinteil- und Fotokoffer unter der Matratze. <br>An der r\u00fcckw\u00e4rtigen T\u00fcre wurde noch eine kleine Klappbare Arbeitsfl\u00e4che angebracht, die im Beobachtungsbetrieb als gesch\u00fctze Schreibunterlage f\u00fcr Notizen und Karten dient. Als Nebeneffekt bleiben Karten und Papier hier relativ taufrei &#8211; der Anh\u00e4nger ist sozusagen eine gro\u00dfe Taukappe f\u00fcr den &#8222;Schreibtisch&#8220;.<\/p>\n\n\n\n<p><\/p>\n\n\n\n<p>Als Platz f\u00fcr Winterkleidung, die kleine Astrok\u00fcche (mit Gasbrenner f\u00fcr hei\u00dfen Kaffee, Geschirr, Minigrill, Salz, Pfeffer usw&#8230;), Stativk\u00f6pfe und \u00c4hnliches wurde ein Regal mit der St\u00fctzkonstruktion des Kofferaufbaus verschraubt und zus\u00e4tzlich verklebt. Die Kisten werden im Fahrbetrieb durch Spanngurte gesichert. <\/p>\n\n\n\n<p>Im Dach wurde zus\u00e4tzlich ein aufklappbares Oberlicht mit permanenter Bel\u00fcftung montiert, damit die Feuchtigkeit aus dem Anh\u00e4nger entweichen kann und man es ohne Erstickungsgefahrt als Schlafplatz nutzen kann.<\/p>\n\n\n\n<p>Auf der Deichsel wurde eine gro\u00dfe Deichselbox aus Alu verbaut, die das gesamte Equipment rund um die Ang\u00e4ngerkupplung (Schl\u00f6sser, Wegfahrsperre, Anh\u00e4ngerkupplung, Kupplungsschl\u00f6sser) beinhaltet, aber auch die Montierung und die zugeh\u00f6rigen Gewichte finden hier Ihren Platz. <\/p>\n\n\n\n<p>F\u00fcr winterliche Ausfl\u00fcge wurde eine Diesel-Heizung installiert, Strom bekommt diese \u00fcber eine 100 Wp Solarzelle auf dem Dach und eine 90Ah LiYFePo- Board-Batterie. Zum Laden der mobilen Batterieboxen wurde eine zweite Solaranlage installiert, \u00fcber die abwechselnd die Akku-Packs (90Ah BleiSolarAkku und 40Ah LiYFePo) geladen werden.  k\u00f6nnen. <\/p>\n\n\n\n<p class=\"has-text-align-center\"><img loading=\"lazy\" decoding=\"async\" width=\"500\" height=\"316\" class=\"wp-image-4440\" style=\"width: 500px;\" src=\"https:\/\/www.sgo-online.de\/astro\/wp-content\/uploads\/2019\/06\/19-04-30-Ammertal-5D4_3898-Verbessert.jpg\" alt=\"\" srcset=\"https:\/\/www.sgo-online.de\/astro\/wp-content\/uploads\/2019\/06\/19-04-30-Ammertal-5D4_3898-Verbessert.jpg 1200w, https:\/\/www.sgo-online.de\/astro\/wp-content\/uploads\/2019\/06\/19-04-30-Ammertal-5D4_3898-Verbessert-300x190.jpg 300w, https:\/\/www.sgo-online.de\/astro\/wp-content\/uploads\/2019\/06\/19-04-30-Ammertal-5D4_3898-Verbessert-768x486.jpg 768w, https:\/\/www.sgo-online.de\/astro\/wp-content\/uploads\/2019\/06\/19-04-30-Ammertal-5D4_3898-Verbessert-1024x648.jpg 1024w, https:\/\/www.sgo-online.de\/astro\/wp-content\/uploads\/2019\/06\/19-04-30-Ammertal-5D4_3898-Verbessert-150x95.jpg 150w\" sizes=\"auto, (max-width: 500px) 100vw, 500px\" \/><\/p>\n\n\n\n<h2 class=\"wp-block-heading\">Namensgebung:<\/h2>\n\n\n\n<p>Wie alle Ger\u00e4tschaften der Sternwarte braucht nat\u00fcrlich auch die SMS einen Namen und der muss nat\u00fcrlich aus Mittelerde kommen. Also wurde die SMS am 12.11.2018 auf den Namen Mithrandir getauft. In Tolkiens Universum war das der Name, den die Elben Gandalf gegeben haben, er bedeutet &#8222;der graue Wanderer&#8220;. Das passt doch f\u00fcr eine mobile Sternwarte, oder?<\/p>\n","protected":false},"excerpt":{"rendered":"<p>Der Sternwartengeraffelbeweger &#8211; vulgo auch Auto genannt, leidet langsam unter \u00dcberf\u00fcllung und bei den Astrotouren ins Gebirge ist nicht mal mehr Platz, die Beine auszustrecken und mal ein Nickerchen zu machen. Au\u00dferdem nervt das st\u00e4ndige Ein- und Ausladen gewaltig &#8211; spontan spechteln ist so nicht m\u00f6glich (und die Gefahr, dass\u2026<\/p>\n<p class=\"continue-reading-button\"> <a class=\"continue-reading-link\" href=\"https:\/\/www.sgo-online.de\/astro\/sms-stefans-mobile-sternwarte\/\">Weiter lesen&#8230;.<i class=\"crycon-right-dir\"><\/i><\/a><\/p>\n","protected":false},"author":1,"featured_media":4293,"parent":0,"menu_order":0,"comment_status":"closed","ping_status":"closed","template":"","meta":{"ngg_post_thumbnail":0,"footnotes":""},"class_list":["post-4292","page","type-page","status-publish","has-post-thumbnail","hentry"],"yoast_head":"<!-- This site is optimized with the Yoast SEO plugin v26.3 - https:\/\/yoast.com\/wordpress\/plugins\/seo\/ -->\n<title>SMS: Stefans Mobile Sternwarte - Stefans Gartenobservatorium<\/title>\n<meta name=\"robots\" content=\"index, follow, max-snippet:-1, max-image-preview:large, max-video-preview:-1\" \/>\n<link rel=\"canonical\" href=\"https:\/\/www.sgo-online.de\/astro\/sms-stefans-mobile-sternwarte\/\" \/>\n<meta property=\"og:locale\" content=\"de_DE\" \/>\n<meta property=\"og:type\" content=\"article\" \/>\n<meta property=\"og:title\" content=\"SMS: Stefans Mobile Sternwarte - Stefans Gartenobservatorium\" \/>\n<meta property=\"og:description\" content=\"Der Sternwartengeraffelbeweger &#8211; vulgo auch Auto genannt, leidet langsam unter \u00dcberf\u00fcllung und bei den Astrotouren ins Gebirge ist nicht mal mehr Platz, die Beine auszustrecken und mal ein Nickerchen zu machen. Au\u00dferdem nervt das st\u00e4ndige Ein- und Ausladen gewaltig &#8211; spontan spechteln ist so nicht m\u00f6glich (und die Gefahr, dass\u2026 Weiter lesen....\" \/>\n<meta property=\"og:url\" content=\"https:\/\/www.sgo-online.de\/astro\/sms-stefans-mobile-sternwarte\/\" \/>\n<meta property=\"og:site_name\" content=\"Stefans Gartenobservatorium\" \/>\n<meta property=\"article:publisher\" content=\"https:\/\/www.facebook.com\/stefan.griessinger\" \/>\n<meta property=\"article:modified_time\" content=\"2022-01-03T22:26:29+00:00\" \/>\n<meta property=\"og:image\" content=\"https:\/\/www.sgo-online.de\/astro\/wp-content\/uploads\/2018\/12\/logo-sms.png\" \/>\n\t<meta property=\"og:image:width\" content=\"1200\" \/>\n\t<meta property=\"og:image:height\" content=\"1200\" \/>\n\t<meta property=\"og:image:type\" content=\"image\/png\" \/>\n<meta name=\"twitter:card\" content=\"summary_large_image\" \/>\n<meta name=\"twitter:label1\" content=\"Gesch\u00e4tzte Lesezeit\" \/>\n\t<meta name=\"twitter:data1\" content=\"4\u00a0Minuten\" \/>\n<script type=\"application\/ld+json\" class=\"yoast-schema-graph\">{\"@context\":\"https:\/\/schema.org\",\"@graph\":[{\"@type\":\"WebPage\",\"@id\":\"https:\/\/www.sgo-online.de\/astro\/sms-stefans-mobile-sternwarte\/\",\"url\":\"https:\/\/www.sgo-online.de\/astro\/sms-stefans-mobile-sternwarte\/\",\"name\":\"SMS: Stefans Mobile Sternwarte - Stefans Gartenobservatorium\",\"isPartOf\":{\"@id\":\"https:\/\/www.sgo-online.de\/astro\/#website\"},\"primaryImageOfPage\":{\"@id\":\"https:\/\/www.sgo-online.de\/astro\/sms-stefans-mobile-sternwarte\/#primaryimage\"},\"image\":{\"@id\":\"https:\/\/www.sgo-online.de\/astro\/sms-stefans-mobile-sternwarte\/#primaryimage\"},\"thumbnailUrl\":\"https:\/\/www.sgo-online.de\/astro\/wp-content\/uploads\/2018\/12\/logo-sms.png\",\"datePublished\":\"2022-01-03T22:26:27+00:00\",\"dateModified\":\"2022-01-03T22:26:29+00:00\",\"breadcrumb\":{\"@id\":\"https:\/\/www.sgo-online.de\/astro\/sms-stefans-mobile-sternwarte\/#breadcrumb\"},\"inLanguage\":\"de\",\"potentialAction\":[{\"@type\":\"ReadAction\",\"target\":[\"https:\/\/www.sgo-online.de\/astro\/sms-stefans-mobile-sternwarte\/\"]}]},{\"@type\":\"ImageObject\",\"inLanguage\":\"de\",\"@id\":\"https:\/\/www.sgo-online.de\/astro\/sms-stefans-mobile-sternwarte\/#primaryimage\",\"url\":\"https:\/\/www.sgo-online.de\/astro\/wp-content\/uploads\/2018\/12\/logo-sms.png\",\"contentUrl\":\"https:\/\/www.sgo-online.de\/astro\/wp-content\/uploads\/2018\/12\/logo-sms.png\",\"width\":1200,\"height\":1200},{\"@type\":\"BreadcrumbList\",\"@id\":\"https:\/\/www.sgo-online.de\/astro\/sms-stefans-mobile-sternwarte\/#breadcrumb\",\"itemListElement\":[{\"@type\":\"ListItem\",\"position\":1,\"name\":\"Home\",\"item\":\"https:\/\/www.sgo-online.de\/astro\/\"},{\"@type\":\"ListItem\",\"position\":2,\"name\":\"SMS: Stefans Mobile Sternwarte\"}]},{\"@type\":\"WebSite\",\"@id\":\"https:\/\/www.sgo-online.de\/astro\/#website\",\"url\":\"https:\/\/www.sgo-online.de\/astro\/\",\"name\":\"Stefans Gartenobservatorium\",\"description\":\"30 Jahre on Tour to the Stars\",\"publisher\":{\"@id\":\"https:\/\/www.sgo-online.de\/astro\/#organization\"},\"potentialAction\":[{\"@type\":\"SearchAction\",\"target\":{\"@type\":\"EntryPoint\",\"urlTemplate\":\"https:\/\/www.sgo-online.de\/astro\/?s={search_term_string}\"},\"query-input\":{\"@type\":\"PropertyValueSpecification\",\"valueRequired\":true,\"valueName\":\"search_term_string\"}}],\"inLanguage\":\"de\"},{\"@type\":\"Organization\",\"@id\":\"https:\/\/www.sgo-online.de\/astro\/#organization\",\"name\":\"Stefans Gartenobservatorium\",\"url\":\"https:\/\/www.sgo-online.de\/astro\/\",\"logo\":{\"@type\":\"ImageObject\",\"inLanguage\":\"de\",\"@id\":\"https:\/\/www.sgo-online.de\/astro\/#\/schema\/logo\/image\/\",\"url\":\"https:\/\/www.sgo-online.de\/astro\/wp-content\/uploads\/2020\/11\/logo-astro-klama-bw.jpg\",\"contentUrl\":\"https:\/\/www.sgo-online.de\/astro\/wp-content\/uploads\/2020\/11\/logo-astro-klama-bw.jpg\",\"width\":1125,\"height\":1125,\"caption\":\"Stefans Gartenobservatorium\"},\"image\":{\"@id\":\"https:\/\/www.sgo-online.de\/astro\/#\/schema\/logo\/image\/\"},\"sameAs\":[\"https:\/\/www.facebook.com\/stefan.griessinger\",\"https:\/\/www.instagram.com\/sgo2000\/?hl=de\",\"https:\/\/www.youtube.com\/user\/natprax\"]}]}<\/script>\n<!-- \/ Yoast SEO plugin. -->","yoast_head_json":{"title":"SMS: Stefans Mobile Sternwarte - Stefans Gartenobservatorium","robots":{"index":"index","follow":"follow","max-snippet":"max-snippet:-1","max-image-preview":"max-image-preview:large","max-video-preview":"max-video-preview:-1"},"canonical":"https:\/\/www.sgo-online.de\/astro\/sms-stefans-mobile-sternwarte\/","og_locale":"de_DE","og_type":"article","og_title":"SMS: Stefans Mobile Sternwarte - Stefans Gartenobservatorium","og_description":"Der Sternwartengeraffelbeweger &#8211; vulgo auch Auto genannt, leidet langsam unter \u00dcberf\u00fcllung und bei den Astrotouren ins Gebirge ist nicht mal mehr Platz, die Beine auszustrecken und mal ein Nickerchen zu machen. Au\u00dferdem nervt das st\u00e4ndige Ein- und Ausladen gewaltig &#8211; spontan spechteln ist so nicht m\u00f6glich (und die Gefahr, dass\u2026 Weiter lesen....","og_url":"https:\/\/www.sgo-online.de\/astro\/sms-stefans-mobile-sternwarte\/","og_site_name":"Stefans Gartenobservatorium","article_publisher":"https:\/\/www.facebook.com\/stefan.griessinger","article_modified_time":"2022-01-03T22:26:29+00:00","og_image":[{"width":1200,"height":1200,"url":"https:\/\/www.sgo-online.de\/astro\/wp-content\/uploads\/2018\/12\/logo-sms.png","type":"image\/png"}],"twitter_card":"summary_large_image","twitter_misc":{"Gesch\u00e4tzte Lesezeit":"4\u00a0Minuten"},"schema":{"@context":"https:\/\/schema.org","@graph":[{"@type":"WebPage","@id":"https:\/\/www.sgo-online.de\/astro\/sms-stefans-mobile-sternwarte\/","url":"https:\/\/www.sgo-online.de\/astro\/sms-stefans-mobile-sternwarte\/","name":"SMS: Stefans Mobile Sternwarte - Stefans Gartenobservatorium","isPartOf":{"@id":"https:\/\/www.sgo-online.de\/astro\/#website"},"primaryImageOfPage":{"@id":"https:\/\/www.sgo-online.de\/astro\/sms-stefans-mobile-sternwarte\/#primaryimage"},"image":{"@id":"https:\/\/www.sgo-online.de\/astro\/sms-stefans-mobile-sternwarte\/#primaryimage"},"thumbnailUrl":"https:\/\/www.sgo-online.de\/astro\/wp-content\/uploads\/2018\/12\/logo-sms.png","datePublished":"2022-01-03T22:26:27+00:00","dateModified":"2022-01-03T22:26:29+00:00","breadcrumb":{"@id":"https:\/\/www.sgo-online.de\/astro\/sms-stefans-mobile-sternwarte\/#breadcrumb"},"inLanguage":"de","potentialAction":[{"@type":"ReadAction","target":["https:\/\/www.sgo-online.de\/astro\/sms-stefans-mobile-sternwarte\/"]}]},{"@type":"ImageObject","inLanguage":"de","@id":"https:\/\/www.sgo-online.de\/astro\/sms-stefans-mobile-sternwarte\/#primaryimage","url":"https:\/\/www.sgo-online.de\/astro\/wp-content\/uploads\/2018\/12\/logo-sms.png","contentUrl":"https:\/\/www.sgo-online.de\/astro\/wp-content\/uploads\/2018\/12\/logo-sms.png","width":1200,"height":1200},{"@type":"BreadcrumbList","@id":"https:\/\/www.sgo-online.de\/astro\/sms-stefans-mobile-sternwarte\/#breadcrumb","itemListElement":[{"@type":"ListItem","position":1,"name":"Home","item":"https:\/\/www.sgo-online.de\/astro\/"},{"@type":"ListItem","position":2,"name":"SMS: Stefans Mobile Sternwarte"}]},{"@type":"WebSite","@id":"https:\/\/www.sgo-online.de\/astro\/#website","url":"https:\/\/www.sgo-online.de\/astro\/","name":"Stefans Gartenobservatorium","description":"30 Jahre on Tour to the Stars","publisher":{"@id":"https:\/\/www.sgo-online.de\/astro\/#organization"},"potentialAction":[{"@type":"SearchAction","target":{"@type":"EntryPoint","urlTemplate":"https:\/\/www.sgo-online.de\/astro\/?s={search_term_string}"},"query-input":{"@type":"PropertyValueSpecification","valueRequired":true,"valueName":"search_term_string"}}],"inLanguage":"de"},{"@type":"Organization","@id":"https:\/\/www.sgo-online.de\/astro\/#organization","name":"Stefans Gartenobservatorium","url":"https:\/\/www.sgo-online.de\/astro\/","logo":{"@type":"ImageObject","inLanguage":"de","@id":"https:\/\/www.sgo-online.de\/astro\/#\/schema\/logo\/image\/","url":"https:\/\/www.sgo-online.de\/astro\/wp-content\/uploads\/2020\/11\/logo-astro-klama-bw.jpg","contentUrl":"https:\/\/www.sgo-online.de\/astro\/wp-content\/uploads\/2020\/11\/logo-astro-klama-bw.jpg","width":1125,"height":1125,"caption":"Stefans Gartenobservatorium"},"image":{"@id":"https:\/\/www.sgo-online.de\/astro\/#\/schema\/logo\/image\/"},"sameAs":["https:\/\/www.facebook.com\/stefan.griessinger","https:\/\/www.instagram.com\/sgo2000\/?hl=de","https:\/\/www.youtube.com\/user\/natprax"]}]}},"_links":{"self":[{"href":"https:\/\/www.sgo-online.de\/astro\/wp-json\/wp\/v2\/pages\/4292","targetHints":{"allow":["GET"]}}],"collection":[{"href":"https:\/\/www.sgo-online.de\/astro\/wp-json\/wp\/v2\/pages"}],"about":[{"href":"https:\/\/www.sgo-online.de\/astro\/wp-json\/wp\/v2\/types\/page"}],"author":[{"embeddable":true,"href":"https:\/\/www.sgo-online.de\/astro\/wp-json\/wp\/v2\/users\/1"}],"replies":[{"embeddable":true,"href":"https:\/\/www.sgo-online.de\/astro\/wp-json\/wp\/v2\/comments?post=4292"}],"version-history":[{"count":7,"href":"https:\/\/www.sgo-online.de\/astro\/wp-json\/wp\/v2\/pages\/4292\/revisions"}],"predecessor-version":[{"id":4582,"href":"https:\/\/www.sgo-online.de\/astro\/wp-json\/wp\/v2\/pages\/4292\/revisions\/4582"}],"wp:featuredmedia":[{"embeddable":true,"href":"https:\/\/www.sgo-online.de\/astro\/wp-json\/wp\/v2\/media\/4293"}],"wp:attachment":[{"href":"https:\/\/www.sgo-online.de\/astro\/wp-json\/wp\/v2\/media?parent=4292"}],"curies":[{"name":"wp","href":"https:\/\/api.w.org\/{rel}","templated":true}]}}